7
In base 14, what is -32 + -3d?
-71
In base 12, what is 4a + 1a57?
1aa5
In base 9, what is -38300 - -138?
-38151
In base 8, what is 10771 + -20?
10751
In base 16, what is 553 + -25b?
2f8
In base 5, what is 114 + -10030313?
-10030144
In base 14, what is -2 - 1187bb?
-1187bd
In base 15, what is -3c + 307?
2ba
In base 4, what is 1120112 - 121?
1113331
In base 9, what is 11 + -1273?
-1262
In base 9, what is -5 + 15275?
15270
In base 14, what is -6 + -16b82?
-16b88
In base 11, what is -12499 + 16?
-12483
In base 6, what is 5 + -5534041?
-5534032
In base 7, what is -254214 + -5?
-254222
In base 14, what is -1090c60 - 3?
-1090c63
In base 2, what is -100001000000000000 - 10?
-100001000000000010
In base 12, what is -438248 - -5?
-438243
In base 16, what is -cd + -8f?
-15c
In base 3, what is -200222 - 222101?
-1200100
In base 9, what is 363 - -650?
1123
In base 2, what is -111111001100010001 + 1?
-111111001100010000
In base 8, what is 254620 - 5?
254613
In base 6, what is 1354513 - 0?
1354513
In base 5, what is -12442324 - 40?
-12442414
In base 7, what is -13 - -334042?
334026
In base 14, what is -2 - -1462?
1460
In base 7, what is 143442 - -24?
143466
In base 15, what is -4ab - d8?
-594
In base 4, what is -201 - 22023330?
-22030131
In base 13, what is b3522 + 0?
b3522
In base 15, what is 8 - 25666?
-2565d
In base 3, what is 110 + -10002020?
-10001210
In base 9, what is -26834 + 20?
-26814
In base 15, what is 142 + 6?
148
In base 5, what is -1 + 424410?
424404
In base 3, what is 21022 + -101012?
-2220
In base 15, what is d7 - -9b9?
aa1
In base 7, what is 5 - -15651?
15656
In base 9, what is -2703 - 16?
-2720
In base 6, what is 135444 - -2?
135450
In base 16, what is 200 - 58?
1a8
In base 2, what is 110000101111001 + 110?
110000101111111
In base 7, what is 21 - 2636?
-2615
In base 15, what is -29a - 247?
-4e2
In base 10, what is 103 - -2037?
2140
In base 5, what is 400 + 14040?
14440
In base 5, what is -10031 + 11342?
1311
In base 4, what is 1020300331 - -23?
1020301020
In base 13, what is 22 + 8687?
86a9
In base 10, what is -1589917 + 4?
-1589913
In base 13, what is 561 - -3?
564
In base 3, what is 2 + 211101?
211110
In base 11, what is -22 - 1423?
-1445
In base 14, what is 12635d + -b?
126352
In base 12, what is 1468 + 36?
14a2
In base 11, what is -23451 - -7?
-23445
In base 3, what is -12111 - -100220?
11102
In base 10, what is 95 - -810?
905
In base 16, what is 1312bd - 1?
1312bc
In base 9, what is 44 - 16132?
-16077
In base 8, what is -4 + -36675?
-36701
In base 7, what is -4 + 53366?
53362
In base 10, what is -27365 - 2?
-27367
In base 15, what is 8c6 + -11?
8b5
In base 2, what is -10110000101011011 + -1110?
-10110000101101001
In base 10, what is 2662 - 1647?
1015
In base 12, what is 12867b + -2?
128679
In base 9, what is 13 - -11623?
11636
In base 10, what is 570433 - -3?
570436
In base 10, what is -1896 - -42?
-1854
In base 3, what is 10020 + -212002212?
-211222122
In base 13, what is -37c39 - 12?
-37c4b
In base 15, what is -214 - 4c?
-261
In base 4, what is 10103 + 132111?
202220
In base 3, what is -22000 - -20?
-21210
In base 3, what is -12 + -2110021020011?
-2110021020100
In base 12, what is 0 + 45b4?
45b4
In base 3, what is -12210020 - -12001?
-12121012
In base 7, what is 216132 + 1?
216133
In base 11, what is 7139 - -64?
71a2
In base 5, what is 103032204 - -10?
103032214
In base 12, what is 61369b - 4?
613697
In base 12, what is 90 + -336a9?
-33619
In base 6, what is 54 + 1013044?
1013142
In base 10, what is -101787 + -1?
-101788
In base 5, what is -133 - 32101?
-32234
In base 5, what is 2 + -1103310?
-1103303
In base 11, what is 7a - -24290?
2435a
In base 16, what is -2fa + -151?
-44b
In base 10, what is -11379 + -19?
-11398
In base 3, what is -2002222020 + -211?
-2010000001
In base 14, what is -14c - 34d?
-49b
In base 15, what is 1094 + -a6?
edd
In base 16, what is 31 + 79?
aa
In base 16, what is -47 - ab?
-f2
In base 14, what is -50389 + 3?
-50386
In base 3, what is 212112 - -10202?
1000021
In base 6, what is -41 + -40413?
-40454
In base 13, what is -2330 - 114?
-2444
In base 14, what is -850519 - 4?
-85051d
In base 6, what is 420 + -35204?
-34344
In base 7, what is 250 + -11001?
-10421
In base 16, what is -1d7 + -14a0?
-1677
In base 12, what is -41 + 14b0?
146b
In base 4, what is 32200 - -1333?
100133
In base 7, what is -14 - 43401?
-43415
In base 3, what is -2122201111 + 11?
-2122201100
In base 15, what is -1302 - -1b?
-12d6
In base 11, what is 46 - -105?
150
In base 9, what is 4 + -244378?
-244374
In base 9, what is 4 + 46406?
46411
In base 8, what is -6 + 3517?
3511
In base 15, what is -14 + 152b?
1517
In base 16, what is -2fe + 8f?
-26f
In base 2, what is 101 - -1011010111001011100?
1011010111001100001
In base 12, what is 21 + -a9727?
-a9706
In base 16, what is 4701 + 3?
4704
In base 10, what is 232107 + 0?
232107
In base 4, what is -3 + -211222312?
-211222321
In base 13, what is -51373 + -2?
-51375
In base 10, what is 26120 + -21?
26099
In base 8, what is 121 + -7?
112
In base 10, what is -1703 - -62?
-1641
In base 15, what is 3 - -12a5?
12a8
In base 11, what is -2 - 44460?
-44462
In base 14, what is 3cd - 1ad?
220
In base 11, what is -40892 + 3?
-4088a
In base 3, what is -21220 - 11121010?
-11220000
In base 14, what is 146c8 - 25?
146a3
In base 13, what is 14125 + 8?
14130
In base 12, what is 5 + 25b9?
2602
In base 8, what is 4 + -405433?
-405427
In base 3, what is -1011221111211 + -2?
-1011221111220
In base 4, what is -2311010000 - 11?
-2311010011
In base 7, what is 233 + -35?
165
In base 9, what is -3 + 24210?
24206
In base 13, what is 0 - -1b739?
1b739
In base 8, what is -12531 + 101?
-12430
In base 15, what is 6 + 1c32?
1c38
In base 7, what is 4 + 1306166?
1306203
In base 13, what is 3 - 6cc5?
-6cc2
In base 11, what is 4 + 1388a?
13893
In base 4, what is -22 - 22031?
-22113
In base 13, what is -123c3 + -3?
-123c6
In base 12, what is -3 + -99637?
-9963a
In base 2, what is 110111000011 - 1010?
110110111001
In base 2, what is 1010011111001 - 1011?
1010011101110
In base 7, what is -115446 + -4?
-115453
In base 6, what is -23034 + -22?
-23100
In base 6, what is -10112 + 13?
-10055
In base 8, what is 664 - 4?
660
In base 9, what is -8742 + 1?
-8741
In base 12, what is 11 + 177?
188
In base 5, what is 310311322 + 10?
310311332
In base 5, what is -4 - 1034323?
-1034332
In base 9, what is -26452 + 8?
-26443
In base 2, what is 11111 - -11011100011111000?
11011100100010111
In base 9, what is 3 - -6258?
6262
In base 4, what is 102221 - 1212?
101003
In base 11, what is -67a37 - -11?
-67a26
In base 12, what is 61 - 14741?
-146a0
In base 10, what is -11 + -1078?
-1089
In base 3, what is -10 - -20002212?
20002202
In base 3, what is -21 - 110221012?
-110221110
In base 5, what is 2 - -1020243?
1020300
In base 15, what is -3a + -113?
-14d
In base 3, what is -1212 - 101220220?
-101222202
In base 10, what is 3 - -280243?
280246
In base 7, what is -1616 + -251?
-2200
In base 8, what is -1 + -324577?
-324600
In base 6, what is 34400 + 3?
34403
In base 16, what is -1 + -2ecf7?
-2ecf8
In base 16, what is 5e24 + 0?
5e24
In base 15, what is 5 - 15864?
-1585e
In base 11, what is -5 - 7a1?
-7a6
In base 15, what is 60ac + 3?
60b0
In base 5, what is -4320432 - 2?
-4320434
In base 11, what is -465867 - -4?
-465863
In base 6, what is -11340 - 2145?
-13525
In base 12, what is 1b87 + -27?
1b60
In base 7, what is 241 + 330305?
330546
In base 4, what is 10 + -3121303?
-3121233
In base 9, what is 28805 + -4?
28801
In base 3, what is -211100001002 - -1?
-211100001001
In base 15, what is -46e - -ae9?
67a
In base 4, what is -2101301 - 12?
-2101313
In base 16, what is -15 + 139?
124
In base 3, what is 12 - -22010102?
22010121
In base 8, what is -1 - -450674?
450673
In base 8, what is 4120 + 5?
4125
In base 6, what is -35 + 3012504?
3012425
In base 2, what is -10110111011 - -100011101010?
1100101111
In base 6, what is 125 + 2350435?
2351004
In base 12, what is 4b3b52 + 1?
4b3b53
In base 10, what is -20346 - 14?
-20360
In base 4, what is -1002030 - -3111?
-332313
In base 9, what is -246 + -21?
-267
In base 3, what is 12 + 1221021110?
1221021122
In base 13, what is -b055 - -4?
-b051
In base 11, what is -48 + -578?
-615
In base 10, what is -2 + 1347955?
1347953
In ba